{"id":762,"date":"2018-12-18T20:49:34","date_gmt":"2018-12-18T19:49:34","guid":{"rendered":"http:\/\/maria-und-simon.de\/?page_id=762"},"modified":"2018-12-18T20:49:35","modified_gmt":"2018-12-18T19:49:35","slug":"impressum-und-datenschutzhinweis","status":"publish","type":"page","link":"https:\/\/maria-und-simon.de\/?page_id=762","title":{"rendered":"Impressum und Datenschutzhinweis"},"content":{"rendered":"\n<p>Diese Seite wird als rein private Seite betrieben von<\/p>\n\n\n\n<p>Simon Reichel<br>Salomestra\u00dfe 2<br>35398 Gie\u00dfen<\/p>\n\n\n\n<p>Datenschutz<\/p>\n\n\n\n<p>Diese Seite speichert keinerlei pers\u00f6nliche oder personenbezogene Daten. Insbesondere findet keine Speichung der Zugriffe in einer Form statt, die einen R\u00fcckschluss auf einzelne Personen erlaubt. Alle IP-Adressen werden, sofern sie gespeichert werden, vor der Speicherung anonymisiert.<br>Die Cookies, die gesetzt werden, dienen ausschlie\u00dflich dem technischen Betrieb von WordPress. Eine Verfolgung einzelner Benutzer ist damit f\u00fcr uns nicht m\u00f6glich.<br>Um die Privatsph\u00e4re zu sch\u00fctzen, werden keine Inhalte von externen Seiten nachgeladen.<br><\/p>\n","protected":false},"excerpt":{"rendered":"<p>Diese Seite wird als rein private Seite betrieben von Simon ReichelSalomestra\u00dfe 235398 Gie\u00dfen Datenschutz Diese Seite speichert keinerlei pers\u00f6nliche oder personenbezogene Daten. Insbesondere findet keine Speichung der Zugriffe in einer Form statt, die einen R\u00fcckschluss auf einzelne Personen erlaubt. Alle IP-Adressen werden, sofern sie gespeichert werden, vor der Speicherung anonymisiert.Die Cookies, die gesetzt werden, dienen [&hellip;]<\/p>\n","protected":false},"author":1,"featured_media":0,"parent":0,"menu_order":0,"comment_status":"closed","ping_status":"closed","template":"","meta":{"ngg_post_thumbnail":0,"footnotes":""},"_links":{"self":[{"href":"https:\/\/maria-und-simon.de\/index.php?rest_route=\/wp\/v2\/pages\/762"}],"collection":[{"href":"https:\/\/maria-und-simon.de\/index.php?rest_route=\/wp\/v2\/pages"}],"about":[{"href":"https:\/\/maria-und-simon.de\/index.php?rest_route=\/wp\/v2\/types\/page"}],"author":[{"embeddable":true,"href":"https:\/\/maria-und-simon.de\/index.php?rest_route=\/wp\/v2\/users\/1"}],"replies":[{"embeddable":true,"href":"https:\/\/maria-und-simon.de\/index.php?rest_route=%2Fwp%2Fv2%2Fcomments&post=762"}],"version-history":[{"count":1,"href":"https:\/\/maria-und-simon.de\/index.php?rest_route=\/wp\/v2\/pages\/762\/revisions"}],"predecessor-version":[{"id":763,"href":"https:\/\/maria-und-simon.de\/index.php?rest_route=\/wp\/v2\/pages\/762\/revisions\/763"}],"wp:attachment":[{"href":"https:\/\/maria-und-simon.de\/index.php?rest_route=%2Fwp%2Fv2%2Fmedia&parent=762"}],"curies":[{"name":"wp","href":"https:\/\/api.w.org\/{rel}","templated":true}]}}